 131. What is u(-18)?
-77
Let c(y) = -y**3 + 7*y**2 - 11*y. Calculate c(4).
4
Let p(j) = 21*j - 717. Give p(41).
144
Let a(w) = 141*w - 10. What is a(3)?
413
Let j(r) = -r**3 - 3*r**2 + 2*r + 11. What is j(0)?
11
Let f(a) = -7810*a + 7818. What is f(1)?
8
Let g(f) = -78*f + 5898. Give g(76).
-30
Let b(l) = -26*l**2 - 55*l + 24. What is b(-2)?
30
Let q(m) = 41*m - 902. What is q(23)?
41
Let u(b) = -b**3 - 10*b**2 + 7*b - 90. Give u(-12).
114
Let x(m) = m**2 + 6687*m - 33434. What is x(5)?
26
Let r(c) = c**3 + 34*c**2 + 167*c - 1758. Calculate r(-24).
-6
Let u(w) = w**3 - 19*w**2 + 55*w + 63. What is u(15)?
-12
Let p(k) = 41*k**2 - 326*k - 15. Calculate p(8).
1
Let u(g) = 432*g - 2114. Give u(5).
46
Let r(m) = -2*m**2 + 134*m + 406. Determine r(-3).
-14
Let w(j) = 880*j + 1745. Give w(-2).
-15
Let u(r) = 922*r - 5536. What is u(6)?
-4
Let r(z) = z**3 - 40*z**2 - 1281*z - 18. Give r(61).
-18
Let x(j) = -j**3 + 18*j**2 - 2*j - 823. Give x(11).
2
Let f(d) = -d**2 + 31*d - 144. What is f(18)?
90
Let h(s) = -s**3 - 3*s**2 + 19*s + 13. Determine h(4).
-23
Let i(y) = -101*y**2 + 1003*y + 64. Calculate i(10).
-6
Let m(n) = 270*n + 2105. Determine m(-8).
-55
Let f(a) = 432*a - 721. Give f(2).
143
Let n(j) = -j**2 + 5*j + 159. What is n(-19)?
-297
Let g(c) = 3*c**3 + 53*c**2 - 18*c + 32. What is g(-18)?
32
Let l(s) = -2*s**2 + 2*s + 26. What is l(-4)?
-14
Let w(a) = -13*a**2 + 5*a - 3. Give w(1).
-11
Let k(m) = 14*m - 322. Give k(18).
-70
Let t(d) = 25*d**2 + 2*d - 4. What is t(1)?
23
Let u(d) = -2*d**2 - 15*d + 21. Calculate u(-6).
39
Let w(m) = -m**3 - 25*m**2 + 263*m - 26. What is w(-33)?
7
Let k(o) = -o**3 + 19*o**2 + 107*o + 107. What is k(24)?
-205
Let k(j) = 38*j + 1017. Calculate k(-21).
219
Let v(x) = -4246*x + 72186. Determine v(17).
4
Let y(j) = 72*j**2 - 28*j + 3. What is y(1)?
47
Let o(u) = -u**2 - 33*u + 417. What is o(10)?
-13
Let y(v) = 35*v**2 - 225*v + 18. Give y(6).
-72
Let r(p) = -3*p**2 + 479*p - 321. What is r(159)?
-3
Let a(g) = -8*g + 1080. Determine a(56).
632
Let m(f) = -5*f**3 + 3*f**2 - 272*f + 268. What is m(1)?
-6
Let s(p) = -2*p**3 + 10*p**2 - 9*p + 22. Determine s(4).
18
Let t(c) = -2*c**3 - 10*c**2 - 8*c - 118. Determine t(-6).
2
Let m(k) = 24*k**2 - 307*k + 224. Determine m(12).
-4
Let z(j) = -2*j**2 - 19*j + 130. Calculate z(8).
-150
Let n(p) = -2*p**3 - 27*p**2 + 67*p + 307. What is n(-15)?
-23
Let z(d) = -94*d + 160. Give z(2).
-28
Let t(m) = 107*m + 1079. What is t(-10)?
9
Let z(x) = 2*x**3 + 3*x**2 + 68*x + 131. Calculate z(-2).
-9
Let j(v) = 87*v + 1328. Give j(-22).
-586
Let o(h) = -h**3 - 34*h**2 - 4*h - 103. Determine o(-34).
33
Let y(j) = 3056*j + 3045. Give y(-1).
-11
Let i(y) = 144*y**2 + 2158*y - 26. What is i(-15)?
4
Let z(x) = 202*x - 33737. What is z(167)?
-3
Let j(c) = 17*c**3 + 3*c**2 - 16*c + 25. Give j(3).
463
Let y(i) = 9*i**3 + 6*i**2 - 16*i - 15. Determine y(-1).
-2
Let v(y) = -2*y**3 - 192*y**2 - 3638*y + 52. Give v(-26).
0
Let m(b) = b**3 + 3*b**2 - 106*b - 520. Give m(-6).
8
Let v(y) = -y**3 + 37*y**2 - 74*y + 157. What is v(35)?
17
Let y(o) = 6*o**2 + 634*o + 414. Determine y(-105).
-6
Let w(b) = 23*b + 33. Determine w(0).
33
Let v(m) = -m**2 + 33*m + 204. Determine v(-9).
-174
Let r(u) = -285*u + 3109. Determine r(11).
-26
Let b(t) = t**3 + 6*t**2 - 58*t - 93. Calculate b(-11).
-60
Let w(b) = 2*b**2 - 46*b + 206. What is w(26)?
362
Let s(b) = 52*b - 602. What is s(14)?
126
Let y(k) = 2*k**2 - 110*k - 573. Give y(-5).
27
Let s(y) = 3*y**2 - 114*y + 1064. Calculate s(21).
-7
Let a(f) = 5*f**3 - 4*f**2 - 7*f + 18. What is a(2)?
28
Let s(a) = -341*a - 4782. Calculate s(-14).
-8
Let b(m) = -m**3 + 7*m**2 - 378*m + 4644. Give b(11).
2
Let n(k) = 2645*k + 44970. What is n(-17)?
5
Let x(n) = -17*n**2 + 2*n + 4. Determine x(2).
-60
Let w(y) = y**3 - 16*y**2 + 15*y + 1. What is w(15)?
1
Let x(k) = -91*k**2 + 447*k + 45. Calculate x(5).
5
Let w(o) = -23*o**2 + 115*o + 355. Determine w(-3).
-197
Let w(t) = 4*t**2 - 99*t + 559. What is w(16)?
-1
Let i(q) = 40*q + 1281. Give i(-32).
1
Let c(g) = g**2 + 3*g - 3398. Calculate c(57).
22
Let f(q) = -4*q**2 + 38*q + 81. What is f(9)?
99
Let b(r) = -4*r - 187. What is b(-37)?
-39
Let k(n) = 2*n**3 - 23*n**2 - 24*n + 133. Determine k(12).
-11
Let w(o) = 2*o**3 - 65*o**2 - 607*o + 276. Give w(40).
-4
Let l(i) = -43*i + 3140. What is l(71)?
87
Let o(a) = a**3 - 6*a**2 + 4*a - 37. Give o(6).
-13
Let q(n) = 4*n**2 + 21*n - 29. Calculate q(2).
29
Let p(q) = -q**3 - 63*q**2 - 12*q - 662. Determine p(-63).
94
Let k(i) = -i**3 + 55*i**2 - 6*i + 355. Calculate k(55).
25
Let g(q) = q - 53. Give g(4).
-49
Let g(r) = r**3 - 21*r**2 - 58*r + 84. Determine g(23).
-192
Let t(a) = 29398*a - 146994. Calculate t(5).
-4
Let u(r) = -13*r**2 - 305*r - 2. Determine u(-23).
136
Let b(n) = -52*n - 769. Give b(-14).
-41
Let l(h) = 1042*h + 6407. Give l(-6).
155
Let g(h) = 2*h**3 - 84*h**2 + 82*h + 1. Determine g(41).
1
Let y(m) = -6*m**2 + 26*m - 28. What is y(6)?
-88
Let a(f) = 104*f + 738. Give a(-6).
114
Let c(t) = 13*t**2 + 3*t + 2. Give c(3).
128
Let m(z) = -7*z**3 + 51*z**2 - 80*z - 7. Calculate m(5).
-7
Let z(h) = h**3 + 17*h**2 - 20*h - 38. What is z(-18)?
-2
Let h(v) = -5*v**3 - 2*v**2 + 8*v + 5. Give h(-3).
98
Let r(x) = x**2 + 12*x - 206. Give r(9).
-17
Let l(r) = -r**2 + 1122*r + 12446. Determine l(-11).
-17
Let k(q) = -82*q + 1629. Calculate k(17).
235
Let o(r) = 997*r + 5965. Determine o(-6).
-17
Let h(l) = -7*l**2 + 7*l - 102. Give h(0).
-102
Let u(a) = 2854*a + 25697. What is u(-9)?
11
Let j(k) = 2*k**3 + 3*k**2 + 20*k - 58. What is j(2)?
10
Let o(d) = -d**3 - 9*d**2 - 150*d - 1115. What is o(-8)?
21
Let q(n) = -21*n**2 + 48*n + 95. What is q(-2)?
-85
Let p(o) = -706*o + 2119. Give p(3).
1
Let i(n) = 3276*n + 19658. Calculate i(-6).
2
Let z(c) = 24*c**2 - 2*c. What is z(2)?
92
Let c(m) = m**3 - 40*m**2 + m - 50. Calculate c(40).
-10
Let x(c) = 59*c**3 + 2*c**2 - 23*c - 25. What is x(-1)?
-59
Let b(l) = 3726*l - 26070. Calculate b(7).
12
Let k(m) = 8*m**2 + 971*m - 558. Calculate k(-122).
52
Let l(j) = j**2 - 2*j + 38. Give l(8).
86
Let v(o) = -6*o**2 + 3*o + 7. Give v(2).
-11
Let q(r) = 4*r**2 + 14*r - 80. What is q(3)?
-2
Let f(w) = -30*w + 1239. Give f(41).
9
Let d(t) = -100*t + 1069. What is d(13)?
-231
Let x(t) = -3*t**3 + 5*t**2 - 21*t - 21. What is x(5)?
-376
Let r(u) = u**2 + 2*u - 180. What is r(14)?
44
Let f(t) = 33*t**2 - 146*t - 332. Determine f(6).
-20
Let x(p) = 61*p - 65. What is x(1)?
-4
Let v(n) = n**2 + 38*n - 2408. What is v(-72)?
40
Let n(h) = -15*h**2 - 35*h - 52. Give n(-2).
-42
Let r(s) = 40*s + 414. Determine r(-10).
14
Let a(v) = 17*v - 905. Give a(57).
64
Let h(s) = -4*s**3 + 3*s**2 - 11*s - 9. Give h(-2).
57
Let q(d) = 24*d - 265. Calculate q(32).
503
Let i(s) = s**3 - s**2 - 34*s + 88. What is i(4)?
0
Let p(y) = -y**2 - 95*y - 1845. What is p(-68)?
-9
Let w(u) = 3359*u + 10075. What is w(-3)?
-2
Let v(p) = -3*p**2 + 9*p - 18. What is v(4)?
-30
Let z(n) = 520*n - 1634. Give z(3).
-74
Let q(z) = -78*z + 93. Determine q(2).
-63
Let c(m) = -30*m - 261. Determine c(-8).
-21
Let j(o) = -798*o - 15919. Determine j(-20).
41
Let u(o) = -o**3 + 10*o**2 + 11*o - 5. Give u(12).
-161
Let g(w) = w**2 - 5*w - 3910. What is g(-60)?
-10
Let u(j) = -78*j - 531. Give u(-7).
15
Let k(z) = -z**2 - 264*z - 4178. What is k(-17)?
21
Let w(p) = 9036*p + 54220. What is w(-6)?
4
Let x(z) = 1508*z + 6037. Give x(-4).
5
Let l(p) = p**3 - 27*p**2 - 67*p + 52. Determine l(29).
-209
Let c(g) = 4*g**2 - 43*g - 131. Calculate c(-3).
34
Let a(h) = -7*h**2 - 2*h + 300. What is a(-6)?
60
Let h(k) = 126*k - 12. Calculate h(-2).
-264
Let v(a) = 37*a + 1443. Calculate v(-39).
0
Let j(z) = 5*z**2 - 12*z - 16. Determine j(4).
16
Let a(z) = -z**3 - 2*z**2 + 37*z - 108. Give a(-8).
-20
Let w(z) = 188*z - 30. Calculate w(-1).
-218
Let g(z) = z**2 + 8*z + 2. Determine g(-7).
-5
Let m(c) = 334*c - 1093. Give m(3).
-91
Let w(d) = 8*d**3 - 29*d**2 - 27*d + 1. Calculate w(-1).
-9
Let u(l) = -30*l + 562. Give u(20).
-38
Let c(g) = 6*g + 10. What is c(4)?
34
Let r(u) = 10*u + 167. What is r(-15)?
17
Let g(h) = 2*h**3 + 19*h**2 - 14*h - 26. Determine g(-10).
14
Let q(w) = -5540*w - 22151. Calculate q(-4).
9
Let z(u) = 130*u**2 + 525*u + 8. Determine z(-4).
-12
Let y(k) = -k**2 - 71*k - 963. Cal